{"id":740,"date":"2021-06-21T17:47:41","date_gmt":"2021-06-21T17:47:41","guid":{"rendered":"http:\/\/www.nanotechnetworks.com\/?page_id=740"},"modified":"2021-09-01T16:03:57","modified_gmt":"2021-09-01T16:03:57","slug":"software","status":"publish","type":"page","link":"https:\/\/www.nanotechnetworks.com\/index.php\/software\/","title":{"rendered":"Software"},"content":{"rendered":"\t\t<div data-elementor-type=\"wp-page\" data-elementor-id=\"740\" class=\"elementor elementor-740\" data-elementor-settings=\"[]\">\n\t\t\t\t\t\t\t<div class=\"elementor-section-wrap\">\n\t\t\t\t\t\t\t<section class=\"elementor-section elementor-top-section elementor-element elementor-element-h6dp8m2 elementor-section-height-min-height elementor-section-boxed elementor-section-height-default elementor-section-items-middle\" data-id=\"h6dp8m2\" data-element_type=\"section\" data-settings=\"{&quot;background_background&quot;:&quot;video&quot;,&quot;background_video_link&quot;:&quot;https:\\\/\\\/youtu.be\\\/nWZ905Suh6c&quot;,&quot;background_play_on_mobile&quot;:&quot;yes&quot;,&quot;shape_divider_bottom&quot;:&quot;waves&quot;,&quot;shape_divider_bottom_negative&quot;:&quot;yes&quot;}\">\n\t\t\t\t\t\t\t\t<div class=\"elementor-background-video-container\">\n\t\t\t\t\t\t\t\t\t\t\t\t\t<div class=\"elementor-background-video-embed\"><\/div>\n\t\t\t\t\t\t\t\t\t\t\t\t<\/div>\n\t\t\t\t\t\t\t\t\t<div class=\"elementor-background-overlay\"><\/div>\n\t\t\t\t\t\t<div class=\"elementor-shape elementor-shape-bottom\" data-negative=\"true\">\n\t\t\t<svg xmlns=\"http:\/\/www.w3.org\/2000\/svg\" viewBox=\"0 0 1000 100\" preserveAspectRatio=\"none\">\n\t<path class=\"elementor-shape-fill\" d=\"M790.5,93.1c-59.3-5.3-116.8-18-192.6-50c-29.6-12.7-76.9-31-100.5-35.9c-23.6-4.9-52.6-7.8-75.5-5.3\n\tc-10.2,1.1-22.6,1.4-50.1,7.4c-27.2,6.3-58.2,16.6-79.4,24.7c-41.3,15.9-94.9,21.9-134,22.6C72,58.2,0,25.8,0,25.8V100h1000V65.3\n\tc0,0-51.5,19.4-106.2,25.7C839.5,97,814.1,95.2,790.5,93.1z\"\/>\n<\/svg>\t\t<\/div>\n\t\t\t\t\t<div class=\"elementor-container elementor-column-gap-no\">\n\t\t\t\t\t<div class=\"elementor-column elementor-col-100 elementor-top-column elementor-element elementor-element-6c4b465\" data-id=\"6c4b465\" data-element_type=\"column\">\n\t\t\t<div class=\"elementor-widget-wrap elementor-element-populated\">\n\t\t\t\t\t\t\t\t<div class=\"elementor-element elementor-element-74cd338 elementor-widget elementor-widget-heading\" data-id=\"74cd338\" data-element_type=\"widget\" data-widget_type=\"heading.default\">\n\t\t\t\t<div class=\"elementor-widget-container\">\n\t\t\t<h1 class=\"elementor-heading-title elementor-size-default\">Software <\/h1>\t\t<\/div>\n\t\t\t\t<\/div>\n\t\t\t\t\t<\/div>\n\t\t<\/div>\n\t\t\t\t\t\t\t<\/div>\n\t\t<\/section>\n\t\t\t\t<section class=\"elementor-section elementor-top-section elementor-element elementor-element-78087f7 elementor-section-height-min-height elementor-hidden-phone elementor-section-boxed elementor-section-height-default elementor-section-items-middle\" data-id=\"78087f7\" data-element_type=\"section\" data-settings=\"{&quot;background_background&quot;:&quot;classic&quot;}\">\n\t\t\t\t\t\t<div class=\"elementor-container elementor-column-gap-default\">\n\t\t\t\t\t<div class=\"elementor-column elementor-col-100 elementor-top-column elementor-element elementor-element-5f045dd\" data-id=\"5f045dd\" data-element_type=\"column\">\n\t\t\t<div class=\"elementor-widget-wrap\">\n\t\t\t\t\t\t\t\t\t<\/div>\n\t\t<\/div>\n\t\t\t\t\t\t\t<\/div>\n\t\t<\/section>\n\t\t\t\t<section class=\"elementor-section elementor-top-section elementor-element elementor-element-fy00ku2 elementor-section-height-min-height elementor-hidden-desktop elementor-section-boxed elementor-section-height-default elementor-section-items-middle\" data-id=\"fy00ku2\" data-element_type=\"section\" data-settings=\"{&quot;background_background&quot;:&quot;classic&quot;}\">\n\t\t\t\t\t\t<div class=\"elementor-container elementor-column-gap-no\">\n\t\t\t\t\t<div class=\"elementor-column elementor-col-100 elementor-top-column elementor-element elementor-element-1ffc931\" data-id=\"1ffc931\" data-element_type=\"column\">\n\t\t\t<div class=\"elementor-widget-wrap elementor-element-populated\">\n\t\t\t\t\t\t\t\t<section class=\"elementor-section elementor-inner-section elementor-element elementor-element-32618f3 elementor-hidden-desktop elementor-section-boxed elementor-section-height-default elementor-section-height-default\" data-id=\"32618f3\" data-element_type=\"section\">\n\t\t\t\t\t\t<div class=\"elementor-container elementor-column-gap-no\">\n\t\t\t\t\t<div class=\"elementor-column elementor-col-33 elementor-inner-column elementor-element elementor-element-1291223 elementor-invisible\" data-id=\"1291223\" data-element_type=\"column\" data-settings=\"{&quot;animation&quot;:&quot;fadeInUp&quot;}\">\n\t\t\t<div class=\"elementor-widget-wrap elementor-element-populated\">\n\t\t\t\t\t\t\t\t<div class=\"elementor-element elementor-element-ba8aed1 elementor-widget elementor-widget-heading\" data-id=\"ba8aed1\" data-element_type=\"widget\" data-widget_type=\"heading.default\">\n\t\t\t\t<div class=\"elementor-widget-container\">\n\t\t\t<h2 class=\"elementor-heading-title elementor-size-default\">Prop\u00f3sito<\/h2>\t\t<\/div>\n\t\t\t\t<\/div>\n\t\t\t\t\t<\/div>\n\t\t<\/div>\n\t\t\t\t<div class=\"elementor-column elementor-col-33 elementor-inner-column elementor-element elementor-element-bc1c3b2\" data-id=\"bc1c3b2\" data-element_type=\"column\">\n\t\t\t<div class=\"elementor-widget-wrap elementor-element-populated\">\n\t\t\t\t\t\t\t\t<div class=\"elementor-element elementor-element-8c06ff3 elementor-hidden-desktop elementor-widget elementor-widget-heading\" data-id=\"8c06ff3\" data-element_type=\"widget\" data-widget_type=\"heading.default\">\n\t\t\t\t<div class=\"elementor-widget-container\">\n\t\t\t<h2 class=\"elementor-heading-title elementor-size-default\">Desarrollamos aplicaciones inform\u00e1ticas que trabajen para tus necesidades en aquellos casos en los que \u00e9stas no est\u00e1n recogidas por software est\u00e1ndar, o no lo est\u00e1n de una forma eficiente.\n\n<\/p>\nSe trata de conocer perfectamente los problemas de nuestros clientes para poder proporcionarles las herramientas m\u00e1s apropiadas que les permitan estar a la vanguardia de su sector y preparados para enfrentarse a los nuevos cambios econ\u00f3micos y tecnol\u00f3gicos.<\/h2>\t\t<\/div>\n\t\t\t\t<\/div>\n\t\t\t\t\t<\/div>\n\t\t<\/div>\n\t\t\t\t<div class=\"elementor-column elementor-col-33 elementor-inner-column elementor-element elementor-element-3e6ad22\" data-id=\"3e6ad22\" data-element_type=\"column\">\n\t\t\t<div class=\"elementor-widget-wrap\">\n\t\t\t\t\t\t\t\t\t<\/div>\n\t\t<\/div>\n\t\t\t\t\t\t\t<\/div>\n\t\t<\/section>\n\t\t\t\t<div class=\"elementor-element elementor-element-76bb328 elementor-widget elementor-widget-image\" data-id=\"76bb328\" data-element_type=\"widget\" data-widget_type=\"image.default\">\n\t\t\t\t<div class=\"elementor-widget-container\">\n\t\t\t\t\t\t\t\t\t\t\t\t\t\t\t<img decoding=\"async\" width=\"2560\" height=\"1707\" src=\"https:\/\/www.nanotechnetworks.com\/wp-content\/uploads\/2021\/08\/smart-technology-background-futuristic-glitching-hand-remixed-media-scaled.jpg\" class=\"attachment-full size-full\" alt=\"\" srcset=\"https:\/\/www.nanotechnetworks.com\/wp-content\/uploads\/2021\/08\/smart-technology-background-futuristic-glitching-hand-remixed-media-scaled.jpg 2560w, https:\/\/www.nanotechnetworks.com\/wp-content\/uploads\/2021\/08\/smart-technology-background-futuristic-glitching-hand-remixed-media-300x200.jpg 300w, https:\/\/www.nanotechnetworks.com\/wp-content\/uploads\/2021\/08\/smart-technology-background-futuristic-glitching-hand-remixed-media-1024x683.jpg 1024w, https:\/\/www.nanotechnetworks.com\/wp-content\/uploads\/2021\/08\/smart-technology-background-futuristic-glitching-hand-remixed-media-768x512.jpg 768w, https:\/\/www.nanotechnetworks.com\/wp-content\/uploads\/2021\/08\/smart-technology-background-futuristic-glitching-hand-remixed-media-1536x1024.jpg 1536w, https:\/\/www.nanotechnetworks.com\/wp-content\/uploads\/2021\/08\/smart-technology-background-futuristic-glitching-hand-remixed-media-2048x1366.jpg 2048w\" sizes=\"(max-width: 2560px) 100vw, 2560px\" \/>\t\t\t\t\t\t\t\t\t\t\t\t\t\t\t<\/div>\n\t\t\t\t<\/div>\n\t\t\t\t<section class=\"elementor-section elementor-inner-section elementor-element elementor-element-6525a69 elementor-section-content-bottom elementor-section-height-min-height elementor-section-boxed elementor-section-height-default\" data-id=\"6525a69\" data-element_type=\"section\" data-settings=\"{&quot;background_background&quot;:&quot;classic&quot;}\">\n\t\t\t\t\t\t<div class=\"elementor-container elementor-column-gap-no\">\n\t\t\t\t\t<div class=\"elementor-column elementor-col-33 elementor-inner-column elementor-element elementor-element-0629735\" data-id=\"0629735\" data-element_type=\"column\" data-settings=\"{&quot;background_background&quot;:&quot;classic&quot;}\">\n\t\t\t<div class=\"elementor-widget-wrap elementor-element-populated\">\n\t\t\t\t\t\t\t\t<div class=\"elementor-element elementor-element-083fc0b elementor-absolute elementor-widget-mobile__width-initial elementor-invisible elementor-widget elementor-widget-image\" data-id=\"083fc0b\" data-element_type=\"widget\" data-settings=\"{&quot;_position&quot;:&quot;absolute&quot;,&quot;_animation&quot;:&quot;fadeInUp&quot;}\" data-widget_type=\"image.default\">\n\t\t\t\t<div class=\"elementor-widget-container\">\n\t\t\t\t\t\t\t\t\t\t\t\t\t\t\t<img decoding=\"async\" width=\"1024\" height=\"683\" src=\"https:\/\/www.nanotechnetworks.com\/wp-content\/uploads\/2021\/08\/stylish-young-handsome-man-in-white-shirt-black-jacket-with-tablet-smiling-achieve-success-great-work-expressing-true-positive-emotions-businessman-smart-worker-1-1024x683.png\" class=\"attachment-large size-large\" alt=\"\" srcset=\"https:\/\/www.nanotechnetworks.com\/wp-content\/uploads\/2021\/08\/stylish-young-handsome-man-in-white-shirt-black-jacket-with-tablet-smiling-achieve-success-great-work-expressing-true-positive-emotions-businessman-smart-worker-1-1024x683.png 1024w, https:\/\/www.nanotechnetworks.com\/wp-content\/uploads\/2021\/08\/stylish-young-handsome-man-in-white-shirt-black-jacket-with-tablet-smiling-achieve-success-great-work-expressing-true-positive-emotions-businessman-smart-worker-1-300x200.png 300w, https:\/\/www.nanotechnetworks.com\/wp-content\/uploads\/2021\/08\/stylish-young-handsome-man-in-white-shirt-black-jacket-with-tablet-smiling-achieve-success-great-work-expressing-true-positive-emotions-businessman-smart-worker-1-768x512.png 768w, https:\/\/www.nanotechnetworks.com\/wp-content\/uploads\/2021\/08\/stylish-young-handsome-man-in-white-shirt-black-jacket-with-tablet-smiling-achieve-success-great-work-expressing-true-positive-emotions-businessman-smart-worker-1-1536x1024.png 1536w, https:\/\/www.nanotechnetworks.com\/wp-content\/uploads\/2021\/08\/stylish-young-handsome-man-in-white-shirt-black-jacket-with-tablet-smiling-achieve-success-great-work-expressing-true-positive-emotions-businessman-smart-worker-1-2048x1365.png 2048w\" sizes=\"(max-width: 1024px) 100vw, 1024px\" \/>\t\t\t\t\t\t\t\t\t\t\t\t\t\t\t<\/div>\n\t\t\t\t<\/div>\n\t\t\t\t\t<\/div>\n\t\t<\/div>\n\t\t\t\t<div class=\"elementor-column elementor-col-66 elementor-inner-column elementor-element elementor-element-6513d9e\" data-id=\"6513d9e\" data-element_type=\"column\">\n\t\t\t<div class=\"elementor-widget-wrap elementor-element-populated\">\n\t\t\t\t\t\t\t\t<div class=\"elementor-element elementor-element-da345d0 elementor-widget elementor-widget-testimonial\" data-id=\"da345d0\" data-element_type=\"widget\" data-widget_type=\"testimonial.default\">\n\t\t\t\t<div class=\"elementor-widget-container\">\n\t\t\t\t\t<div class=\"elementor-testimonial-wrapper\">\n\t\t\t\t\t\t\t<div class=\"elementor-testimonial-content\">Y lo hacemos adem\u00e1s aplicando las arquitecturas m\u00e1s adecuadas (dise\u00f1amos con arquitectura de 3 capas, normalmente, pero tambi\u00e9n\u00a0mantenemos sistemas\u00a0que trabajan en cliente\/servidor), e integrando con el software elementos que puedan optimizar los procesos del cliente: tarjeta inteligente, sistemas de adquisici\u00f3n de datos, dispositivos m\u00f3viles, interfaces con m\u00e1quinas...<\/div>\n\t\t\t\n\t\t\t\t\t<\/div>\n\t\t\t\t<\/div>\n\t\t\t\t<\/div>\n\t\t\t\t\t<\/div>\n\t\t<\/div>\n\t\t\t\t\t\t\t<\/div>\n\t\t<\/section>\n\t\t\t\t\t<\/div>\n\t\t<\/div>\n\t\t\t\t\t\t\t<\/div>\n\t\t<\/section>\n\t\t\t\t<section class=\"elementor-section elementor-top-section elementor-element elementor-element-61b1573 elementor-section-height-min-height elementor-hidden-phone elementor-section-boxed elementor-section-height-default elementor-section-items-middle\" data-id=\"61b1573\" data-element_type=\"section\" data-settings=\"{&quot;background_background&quot;:&quot;classic&quot;}\">\n\t\t\t\t\t\t<div class=\"elementor-container elementor-column-gap-no\">\n\t\t\t\t\t<div class=\"elementor-column elementor-col-100 elementor-top-column elementor-element elementor-element-632336b\" data-id=\"632336b\" data-element_type=\"column\">\n\t\t\t<div class=\"elementor-widget-wrap elementor-element-populated\">\n\t\t\t\t\t\t\t\t<section class=\"elementor-section elementor-inner-section elementor-element elementor-element-ae25f55 elementor-section-boxed elementor-section-height-default elementor-section-height-default\" data-id=\"ae25f55\" data-element_type=\"section\">\n\t\t\t\t\t\t<div class=\"elementor-container elementor-column-gap-no\">\n\t\t\t\t\t<div class=\"elementor-column elementor-col-33 elementor-inner-column elementor-element elementor-element-b52e18f elementor-invisible\" data-id=\"b52e18f\" data-element_type=\"column\" data-settings=\"{&quot;animation&quot;:&quot;fadeInUp&quot;}\">\n\t\t\t<div class=\"elementor-widget-wrap elementor-element-populated\">\n\t\t\t\t\t\t\t\t<div class=\"elementor-element elementor-element-baca0b4 elementor-widget elementor-widget-heading\" data-id=\"baca0b4\" data-element_type=\"widget\" data-widget_type=\"heading.default\">\n\t\t\t\t<div class=\"elementor-widget-container\">\n\t\t\t<h2 class=\"elementor-heading-title elementor-size-default\">Prop\u00f3sito<\/h2>\t\t<\/div>\n\t\t\t\t<\/div>\n\t\t\t\t\t<\/div>\n\t\t<\/div>\n\t\t\t\t<div class=\"elementor-column elementor-col-33 elementor-inner-column elementor-element elementor-element-18ba582\" data-id=\"18ba582\" data-element_type=\"column\">\n\t\t\t<div class=\"elementor-widget-wrap elementor-element-populated\">\n\t\t\t\t\t\t\t\t<div class=\"elementor-element elementor-element-eae5fa9 elementor-widget elementor-widget-heading\" data-id=\"eae5fa9\" data-element_type=\"widget\" data-widget_type=\"heading.default\">\n\t\t\t\t<div class=\"elementor-widget-container\">\n\t\t\t<h2 class=\"elementor-heading-title elementor-size-default\">Desarrollamos aplicaciones inform\u00e1ticas que trabajen para tus necesidades en aquellos casos en los que \u00e9stas no est\u00e1n recogidas por software est\u00e1ndar, o no lo est\u00e1n de una forma eficiente.\n\n<\/p>\nSe trata de conocer perfectamente los problemas de nuestros clientes para poder proporcionarles las herramientas m\u00e1s apropiadas que les permitan estar a la vanguardia de su sector y preparados para enfrentarse a los nuevos cambios econ\u00f3micos y tecnol\u00f3gicos.<\/h2>\t\t<\/div>\n\t\t\t\t<\/div>\n\t\t\t\t\t<\/div>\n\t\t<\/div>\n\t\t\t\t<div class=\"elementor-column elementor-col-33 elementor-inner-column elementor-element elementor-element-97a23ac\" data-id=\"97a23ac\" data-element_type=\"column\">\n\t\t\t<div class=\"elementor-widget-wrap\">\n\t\t\t\t\t\t\t\t\t<\/div>\n\t\t<\/div>\n\t\t\t\t\t\t\t<\/div>\n\t\t<\/section>\n\t\t\t\t<div class=\"elementor-element elementor-element-f6e0571 elementor-widget elementor-widget-image\" data-id=\"f6e0571\" data-element_type=\"widget\" data-widget_type=\"image.default\">\n\t\t\t\t<div class=\"elementor-widget-container\">\n\t\t\t\t\t\t\t\t\t\t\t\t\t\t\t<img decoding=\"async\" width=\"2560\" height=\"1707\" src=\"https:\/\/www.nanotechnetworks.com\/wp-content\/uploads\/2021\/08\/smart-technology-background-futuristic-glitching-hand-remixed-media-scaled.jpg\" class=\"attachment-full size-full\" alt=\"\" srcset=\"https:\/\/www.nanotechnetworks.com\/wp-content\/uploads\/2021\/08\/smart-technology-background-futuristic-glitching-hand-remixed-media-scaled.jpg 2560w, https:\/\/www.nanotechnetworks.com\/wp-content\/uploads\/2021\/08\/smart-technology-background-futuristic-glitching-hand-remixed-media-300x200.jpg 300w, https:\/\/www.nanotechnetworks.com\/wp-content\/uploads\/2021\/08\/smart-technology-background-futuristic-glitching-hand-remixed-media-1024x683.jpg 1024w, https:\/\/www.nanotechnetworks.com\/wp-content\/uploads\/2021\/08\/smart-technology-background-futuristic-glitching-hand-remixed-media-768x512.jpg 768w, https:\/\/www.nanotechnetworks.com\/wp-content\/uploads\/2021\/08\/smart-technology-background-futuristic-glitching-hand-remixed-media-1536x1024.jpg 1536w, https:\/\/www.nanotechnetworks.com\/wp-content\/uploads\/2021\/08\/smart-technology-background-futuristic-glitching-hand-remixed-media-2048x1366.jpg 2048w\" sizes=\"(max-width: 2560px) 100vw, 2560px\" \/>\t\t\t\t\t\t\t\t\t\t\t\t\t\t\t<\/div>\n\t\t\t\t<\/div>\n\t\t\t\t<section class=\"elementor-section elementor-inner-section elementor-element elementor-element-e13b4f0 elementor-section-content-bottom elementor-section-height-min-height elementor-section-boxed elementor-section-height-default\" data-id=\"e13b4f0\" data-element_type=\"section\" data-settings=\"{&quot;background_background&quot;:&quot;classic&quot;}\">\n\t\t\t\t\t\t<div class=\"elementor-container elementor-column-gap-no\">\n\t\t\t\t\t<div class=\"elementor-column elementor-col-33 elementor-inner-column elementor-element elementor-element-8c0df13\" data-id=\"8c0df13\" data-element_type=\"column\" data-settings=\"{&quot;background_background&quot;:&quot;classic&quot;}\">\n\t\t\t<div class=\"elementor-widget-wrap elementor-element-populated\">\n\t\t\t\t\t\t\t\t<div class=\"elementor-element elementor-element-8058a5d elementor-absolute elementor-invisible elementor-widget elementor-widget-image\" data-id=\"8058a5d\" data-element_type=\"widget\" data-settings=\"{&quot;_position&quot;:&quot;absolute&quot;,&quot;_animation&quot;:&quot;fadeInUp&quot;}\" data-widget_type=\"image.default\">\n\t\t\t\t<div class=\"elementor-widget-container\">\n\t\t\t\t\t\t\t\t\t\t\t\t\t\t\t<img decoding=\"async\" width=\"1024\" height=\"683\" src=\"https:\/\/www.nanotechnetworks.com\/wp-content\/uploads\/2021\/08\/stylish-young-handsome-man-in-white-shirt-black-jacket-with-tablet-smiling-achieve-success-great-work-expressing-true-positive-emotions-businessman-smart-worker-1-1024x683.png\" class=\"attachment-large size-large\" alt=\"\" srcset=\"https:\/\/www.nanotechnetworks.com\/wp-content\/uploads\/2021\/08\/stylish-young-handsome-man-in-white-shirt-black-jacket-with-tablet-smiling-achieve-success-great-work-expressing-true-positive-emotions-businessman-smart-worker-1-1024x683.png 1024w, https:\/\/www.nanotechnetworks.com\/wp-content\/uploads\/2021\/08\/stylish-young-handsome-man-in-white-shirt-black-jacket-with-tablet-smiling-achieve-success-great-work-expressing-true-positive-emotions-businessman-smart-worker-1-300x200.png 300w, https:\/\/www.nanotechnetworks.com\/wp-content\/uploads\/2021\/08\/stylish-young-handsome-man-in-white-shirt-black-jacket-with-tablet-smiling-achieve-success-great-work-expressing-true-positive-emotions-businessman-smart-worker-1-768x512.png 768w, https:\/\/www.nanotechnetworks.com\/wp-content\/uploads\/2021\/08\/stylish-young-handsome-man-in-white-shirt-black-jacket-with-tablet-smiling-achieve-success-great-work-expressing-true-positive-emotions-businessman-smart-worker-1-1536x1024.png 1536w, https:\/\/www.nanotechnetworks.com\/wp-content\/uploads\/2021\/08\/stylish-young-handsome-man-in-white-shirt-black-jacket-with-tablet-smiling-achieve-success-great-work-expressing-true-positive-emotions-businessman-smart-worker-1-2048x1365.png 2048w\" sizes=\"(max-width: 1024px) 100vw, 1024px\" \/>\t\t\t\t\t\t\t\t\t\t\t\t\t\t\t<\/div>\n\t\t\t\t<\/div>\n\t\t\t\t\t<\/div>\n\t\t<\/div>\n\t\t\t\t<div class=\"elementor-column elementor-col-66 elementor-inner-column elementor-element elementor-element-0bcef00\" data-id=\"0bcef00\" data-element_type=\"column\">\n\t\t\t<div class=\"elementor-widget-wrap elementor-element-populated\">\n\t\t\t\t\t\t\t\t<div class=\"elementor-element elementor-element-d9e606a elementor-view-default elementor-widget elementor-widget-icon\" data-id=\"d9e606a\" data-element_type=\"widget\" data-widget_type=\"icon.default\">\n\t\t\t\t<div class=\"elementor-widget-container\">\n\t\t\t\t\t<div class=\"elementor-icon-wrapper\">\n\t\t\t<div class=\"elementor-icon\">\n\t\t\t<i aria-hidden=\"true\" class=\"fas fa-quote-left\"><\/i>\t\t\t<\/div>\n\t\t<\/div>\n\t\t\t\t<\/div>\n\t\t\t\t<\/div>\n\t\t\t\t<div class=\"elementor-element elementor-element-729b0f7 elementor-widget elementor-widget-testimonial\" data-id=\"729b0f7\" data-element_type=\"widget\" data-widget_type=\"testimonial.default\">\n\t\t\t\t<div class=\"elementor-widget-container\">\n\t\t\t\t\t<div class=\"elementor-testimonial-wrapper\">\n\t\t\t\t\t\t\t<div class=\"elementor-testimonial-content\">Y lo hacemos adem\u00e1s aplicando las arquitecturas m\u00e1s adecuadas (dise\u00f1amos con arquitectura de 3 capas, normalmente, pero tambi\u00e9n\u00a0mantenemos sistemas\u00a0que trabajan en cliente\/servidor), e integrando con el software elementos que puedan optimizar los procesos del cliente: tarjeta inteligente, sistemas de adquisici\u00f3n de datos, dispositivos m\u00f3viles, interfaces con m\u00e1quinas...<\/div>\n\t\t\t\n\t\t\t\t\t<\/div>\n\t\t\t\t<\/div>\n\t\t\t\t<\/div>\n\t\t\t\t\t<\/div>\n\t\t<\/div>\n\t\t\t\t\t\t\t<\/div>\n\t\t<\/section>\n\t\t\t\t\t<\/div>\n\t\t<\/div>\n\t\t\t\t\t\t\t<\/div>\n\t\t<\/section>\n\t\t\t\t\t\t<\/div>\n\t\t\t\t\t<\/div>\n\t\t","protected":false},"excerpt":{"rendered":"<p>Software Prop\u00f3sito Desarrollamos aplicaciones inform\u00e1ticas que trabajen para tus necesidades en aquellos casos en los que \u00e9stas no est\u00e1n recogidas por software est\u00e1ndar, o no lo est\u00e1n de una forma eficiente. Se trata de conocer perfectamente los problemas de nuestros clientes para poder proporcionarles las herramientas m\u00e1s apropiadas que les permitan estar a la vanguardia &hellip;<\/p>\n<p class=\"read-more\"> <a class=\"\" href=\"https:\/\/www.nanotechnetworks.com\/index.php\/software\/\"> <span class=\"screen-reader-text\">Software<\/span> Leer m\u00e1s &raquo;<\/a><\/p>\n","protected":false},"author":1,"featured_media":0,"parent":0,"menu_order":0,"comment_status":"closed","ping_status":"closed","template":"","meta":{"site-sidebar-layout":"no-sidebar","site-content-layout":"page-builder","ast-main-header-display":"","ast-hfb-above-header-display":"","ast-hfb-below-header-display":"","ast-hfb-mobile-header-display":"","site-post-title":"disabled","ast-breadcrumbs-content":"","ast-featured-img":"disabled","footer-sml-layout":"","theme-transparent-header-meta":"default","adv-header-id-meta":"","stick-header-meta":"","header-above-stick-meta":"","header-main-stick-meta":"","header-below-stick-meta":"","footnotes":""},"_links":{"self":[{"href":"https:\/\/www.nanotechnetworks.com\/index.php\/wp-json\/wp\/v2\/pages\/740"}],"collection":[{"href":"https:\/\/www.nanotechnetworks.com\/index.php\/wp-json\/wp\/v2\/pages"}],"about":[{"href":"https:\/\/www.nanotechnetworks.com\/index.php\/wp-json\/wp\/v2\/types\/page"}],"author":[{"embeddable":true,"href":"https:\/\/www.nanotechnetworks.com\/index.php\/wp-json\/wp\/v2\/users\/1"}],"replies":[{"embeddable":true,"href":"https:\/\/www.nanotechnetworks.com\/index.php\/wp-json\/wp\/v2\/comments?post=740"}],"version-history":[{"count":91,"href":"https:\/\/www.nanotechnetworks.com\/index.php\/wp-json\/wp\/v2\/pages\/740\/revisions"}],"predecessor-version":[{"id":3277,"href":"https:\/\/www.nanotechnetworks.com\/index.php\/wp-json\/wp\/v2\/pages\/740\/revisions\/3277"}],"wp:attachment":[{"href":"https:\/\/www.nanotechnetworks.com\/index.php\/wp-json\/wp\/v2\/media?parent=740"}],"curies":[{"name":"wp","href":"https:\/\/api.w.org\/{rel}","templated":true}]}}